= -3*a. What is the highest common divisor of a and 98?
14
Let c(w) = w**2 - 4*w - 2. Let l be c(5). Let d = l - -24. What is the greatest common divisor of 9 and d?
9
Suppose -5*h + 0*k = -4*k - 506, 5*h - 507 = 3*k. Let g = h - -23. Calculate the highest common factor of g and 25.
25
Let h be ((-14)/(-21) + -4)/((-2)/18). What is the greatest common divisor of h and 75?
15
Let x(i) = i + 3. Let t be x(-4). Let d be 3*1*(1 - 0). Let a = t + d. Calculate the highest common divisor of 4 and a.
2
Let v be ((-12)/15)/(1/(-5)). Suppose -40 = -5*o + b, v*o + b - 46 = -b. Let r = 4 + o. What is the highest common factor of r and 104?
13
Let r be 14/42 + (-22)/(-6). Suppose 0 = -3*b + b + 12. Calculate the greatest common factor of b and r.
2
Let i = 0 - -16. Calculate the greatest common divisor of i and 144.
16
Suppose 3*o - 2*o + 5*d = 131, 3*o - d - 409 = 0. Suppose -z + o = -0*z. What is the highest common divisor of 17 and z?
17
Suppose -4*m = 2*r - 6, -5*r = -4*m - 0*m - 15. Suppose 2*l - 9 - 3 = m. Suppose -l*p + p = -880. Calculate the greatest common divisor of p and 16.
16
Let p = 22 + -4. Let l = -8 - -13. Suppose l*x = 5*b - 206 + 11, 153 = 4*b - 3*x. What is the greatest common divisor of p and b?
18
Suppose 255 = 9*u - 42. Calculate the highest common divisor of u and 11.
11
Let z be ((-30)/(-7))/(2/14). Let a(q) = -3*q - 15. Let f be a(-7). Let g be 2/f - 17/(-3). Calculate the highest common factor of z and g.
6
Let z = -98 + 106. Calculate the highest common divisor of z and 64.
8
Let m = -30 - -36. Suppose 5*o = -n + 241, 2*o - 47 = -4*n + 53. Calculate the highest common divisor of o and m.
6
Suppose -4*w + 7*w + 75 = 5*h, 5*h - 75 = 5*w. What is the greatest common factor of 15 and h?
15
Suppose -m - 5*o = -18, o - 9 + 1 = 2*m. Let f be 36/10*(-5)/m. Calculate the highest common divisor of 1 and f.
1
Suppose 3*h + 48 = 4*i, i - 2*h - 21 = h. What is the highest common divisor of 18 and i?
9
Let n(b) = -b**3 + 7*b**2 + 9*b - 3. Let m be n(8). Suppose 0 = -m*i - 3*a - 4, 3*i + 4*a = a - 6. What is the greatest common factor of i and 11?
1
Let v(x) = -4*x + 5. Let d(b) = -b. Let q(o) = -3*d(o) + v(o). Let f be q(4). Let a be (-2 - -2 - -11)/f. What is the highest common divisor of 121 and a?
11
Let j be (-2)/7 - 44/(-7). Suppose 5*o + 3*n - 54 = 0, -n - 2 = -o + 4. What is the highest common factor of j and o?
3
Suppose -u = 4*u - 2*l - 26, 0 = 3*u + 3*l - 3. Suppose 101 = 4*m - 5*v, 3*v = u*m - v - 100. What is the highest common factor of m and 6?
6
Let r be (8/(-10))/((-4)/40). Suppose -4*k + 3*z + 20 = -0*k, -2*z = -2*k + r. Calculate the greatest common factor of k and 40.
8
Let h = 8 + 8. Suppose -3*n = z - 82, 4*z - 3*z + 4*n = 80. Suppose 2*y - 2*q = z, -q + 27 = 5*y - 217. Calculate the greatest common factor of y and h.
16
Let r(o) = -4*o + 4. Let t be r(-3). Suppose 2*y - t = -2. Suppose -4*z = 2*g - 122, g - 4*g + 5*z = -194. Calculate the greatest common divisor of g and y.
7
Suppose -5*l - 4*f + 49 = 0, 0*f + f - 35 = -3*l. What is the greatest common factor of 104 and l?
13
Let u = -2 + -26. Let c be -14 - u - (5 - 1). What is the highest common divisor of 40 and c?
10
Suppose 0 = -4*z - 0*z + c + 13, 5*z = -4*c + 11. Suppose 2*y - z*g - 1 = 0, 2*g = y - 0*g + 1. Calculate the greatest common divisor of y and 35.
5
Let w(j) = 3*j - 15. Let i be w(6). Calculate the greatest common factor of i and 12.
3
Let x be (-1 - -3) + -3*7/(-21). Calculate the highest common divisor of x and 2.
1
Let p be 2/5 + 116/10. Let q(i) = -i**3 - 5*i**2 - 5*i - 7. Suppose -2*l - 16 = -6. Let t be q(l). Calculate the highest common divisor of t and p.
6
Suppose -4*u + 4*h = -112, -4*u - 3*h + 33 = -44. Calculate the highest common divisor of 92 and u.
23
Let q be (-6)/9 - ((-620)/12 - -1). Calculate the greatest common factor of 10 and q.
10
Suppose -3*j = -13 - 14. Let t be 145/2 - 1/2. Calculate the highest common factor of j and t.
9
Let b = -60 + 145. Suppose 5*h = 45 + b. Let z = 80 + -15. What is the highest common divisor of h and z?
13
Let y = 4 + 1. Suppose -3*g - 5*f + 32 = 0, -5*g + 6*f - f = 0. Let w = g - 2. What is the greatest common factor of w and y?
1
Let b = 96 - 56. Let g = 0 + 1. Let n be (g - -1)/(5/20). What is the greatest common factor of n and b?
8
Let k(t) = -t**3 - 5*t**2 + 5*t - 2. Let p be k(-6). Let x = 6 - 6. Suppose u = 1 - x. Calculate the greatest common divisor of u and p.
1
Let s be (0 - -2)*11/2. Suppose s = k - 119. Suppose a + 0*a + 322 = 5*i, -2*i + a + k = 0. Calculate the highest common divisor of 8 and i.
8
Let y(u) = u**2 - 5*u - 9. Let r be y(8). What is the greatest common factor of 60 and r?
15
Let w(v) = v**2 + 11*v + 14. Let f be w(-13). What is the greatest common divisor of 16 and f?
8
Let v = 615 - 417. What is the highest common factor of 22 and v?
22
Suppose 5*d + 11 = -44. Let m = -3 - d. What is the greatest common factor of 88 and m?
8
Suppose -1 = 2*p - 3*p. Calculate the highest common factor of p and 5.
1
Suppose 4*r - 6*k = -k - 47, -4*r - 3*k - 23 = 0. Let x be (2 + 24)*(9 + r). What is the highest common divisor of x and 65?
13
Suppose 0 = 4*u + 7 - 43. Let b be u/((-3)/(-1)) - 18. Let r = b + 27. What is the greatest common divisor of r and 48?
12
Suppose -5*x = 3*v - 35, -34 = -4*x - 3*v - 9. Let o be (48/9)/(x/165). What is the greatest common factor of 11 and o?
11
Suppose 4*s - 45 - 187 = 0. Let l = 81 - s. Let j = l + -8. Calculate the highest common divisor of 3 and j.
3
Let t = 0 - -1. Calculate the highest common factor of t and 5.
1
Suppose 0 = 3*b - 9, 3*g - 11 = g - b. Calculate the greatest common divisor of g and 4.
4
Let p(n) = 4*n**3 + n + 1. Let k be p(-1). Let s be k/18 - 1630/(-45). Suppose -5*j = -j - s. Calculate the highest common divisor of 3 and j.
3
Let t be (-2)/3*(0 + -15). Suppose 0 = -4*w + 12 + 44. Suppose 16 = 3*s - w. Calculate the highest common divisor of t and s.
10
Let h(d) = -7*d - 3. Let j be h(-6). Let m = 29 + -16. What is the highest common factor of m and j?
13
Suppose 7*b - 33 = 4*b. Let s = 3 + b. Suppose 4*v + 2*i = 20 + s, -43 = -5*v - 3*i. Calculate the highest common divisor of v and 1.
1
Suppose 5*f + b = 37, 5 = 2*f + 2*b - 5. Let t(z) = z**2 - 8*z + 2. Let g be t(f). Let c = 19 + -9. What is the highest common factor of g and c?
2
Let d(i) = 5*i + 3. Let m be d(-7). Let z = m - -96. What is the highest common divisor of 8 and z?
8
Let f(g) = -29*g - 15. Let n be f(-3). What is the highest common factor of 48 and n?
24
Let c(s) = -7*s - 28. Let k be c(-13). Calculate the highest common divisor of 9 and k.
9
Suppose 0 = -4*s + x - 344, -s + 3*x - 63 - 12 = 0. Let k = s + 147. What is the highest common divisor of 40 and k?
20
Let g(o) = -o + 5. Let t = 2 + 1. Let n = 1 + t. Let r be g(n). Calculate the greatest common factor of 11 and r.
1
Suppose -5*a = 1 - 91. Let n = -52 + 92. Let x = -22 + n. What is the greatest common divisor of a and x?
18
Let q(i) = 28*i**3 - 2*i**2 + 1. Let f be q(1). Let j = -5 + 5. Suppose 5*t + j - 15 = 0. What is the highest common factor of f and t?
3
Let d(h) = -h**2 - 6*h - 5. Let j be d(-4). Suppose -y + 8 = j*y. Let m = 5 - 4. Calculate the greatest common factor of m and y.
1
Let g be (2/3)/(-2*(-2)/18). Calculate the highest common factor of g and 111.
3
Suppose -5*m + 4*m = -13. What is the greatest common divisor of 65 and m?
13
Suppose -2*t - v + 2074 = t, -4*t + v = -2777. What is the greatest common divisor of 63 and t?
63
Let l = 22 - 0. Calculate the greatest common factor of l and 2.
2
Suppose 5*g = -3*p + 1606, 0 = 3*g + p - 103 - 863. Calculate the greatest common factor of g and 17.
17
Let o be 565/10 + -1 - 3/6. Calculate the greatest common divisor of o and 5.
5
Let a(c) = -2*c**3 + 24*c**2 + 4*c - 11. Let y be a(12). Calculate the highest common divisor of 444 and y.
37
Let j(w) = 16*w + 8. Let n be j(-6). Let a be (1/(-2))/(4/n). Calculate the greatest common factor of 88 and a.
11
Suppose -2*z + 4*v - 64 = 0, z + 3*v = 3*z + 63. Let j be 27/(3 + 81/z). Calculate the greatest common divisor of 10 and j.
10
Let y = 361 - 163. Let t = 1 - 3. Let c(n) = -2*n**3 - n. Let l be c(t). What is the highest common divisor of y and l?
18
Let p = 38 - 28. Suppose 4*b + 58 = 4*c + 14, 2